{"id":13426,"date":"2021-09-20T08:11:59","date_gmt":"2021-09-20T07:11:59","guid":{"rendered":"https:\/\/klubzviktorky.cebin.eu\/?page_id=13426"},"modified":"2022-05-12T10:28:23","modified_gmt":"2022-05-12T09:28:23","slug":"br-ko","status":"publish","type":"page","link":"https:\/\/klubzviktorky.cebin.eu\/index.php\/br-ko\/","title":{"rendered":"BR.KO"},"content":{"rendered":"\n<p>z\u00e1\u017eitkov\u00e1 agentura <strong><span class=\"has-inline-color has-medium-pink-color\">BR<\/span><\/strong>usel s <strong><span class=\"has-inline-color has-medium-pink-color\">KO<\/span><\/strong>houtky<\/p>\n\n\n\n<p class=\"has-text-align-center has-medium-font-size\"><strong><span style=\"color:#15551c\" class=\"has-inline-color\">G a s t r o b r k o<\/span><span style=\"color:#38e548\" class=\"has-inline-color\"> <\/span><\/strong>\u2013 na co se m\u016f\u017eete t\u011b\u0161it:<\/p>\n\n\n\n<p class=\"has-small-font-size\">\u201eBelgie je gastronomick\u00fd obr, na jeho\u017e vrcholu jsou <strong>mu\u0161le <\/strong>a <strong>HRANOLKY<\/strong>.\u201c<\/p>\n\n\n\n<p class=\"has-small-font-size\">\u201eBelgick\u00e9 <strong>vafle <\/strong>jist\u011b pat\u0159\u00ed mezi to nejskv\u011blej\u0161\u00ed, za co m\u016f\u017eeme b\u00fdt Belgi\u010dan\u016fm vd\u011b\u010dn\u00ed. St\u00e1nky naleznete v Belgii na ka\u017ed\u00e9m rohu, pokud na n\u011bm neprod\u00e1vaj\u00ed u\u017e belgick\u00e9 <strong>HRANOLKY<\/strong>.\u201c<\/p>\n\n\n\n<p class=\"has-small-font-size\">I kdy\u017e je pouli\u010dn\u00ed prodej hodn\u011b obl\u00edben\u00fd, m\u00edstn\u00ed restaurace ur\u010dit\u011b nekrachuj\u00ed. Tam vl\u00e1dnou <strong>steaky<\/strong>. Popul\u00e1rn\u00ed je <strong>am\u00e9ricain<\/strong>, tatarsk\u00fd biftek, ma\u017eou ho na sendvi\u010d a zakusuj\u00ed k n\u011bmu <strong>HRANOLKY<\/strong>.<\/p>\n\n\n\n<p class=\"has-small-font-size\">\u201eMezi p\u0159edn\u00ed belgick\u00e9 speciality pat\u0159\u00ed rovn\u011b\u017e chicons au gratin, <strong>\u010dekanka <\/strong>zabalen\u00e1 v \u0161unce a du\u0161en\u00e1 spolu s be\u0161amelovou om\u00e1\u010dkou, s\u00fdrem.\u201c<\/p>\n\n\n\n<p class=\"has-small-font-size\">\u201e\u010cOKOL\u00c1DOV\u00c9 <strong>pralinky <\/strong>jsou belgick\u00fdm vyn\u00e1lezem a Belgie si d\u00edky nim z\u00edskala sv\u011btovou proslulost.\u201c<\/p>\n\n\n\n<p class=\"has-small-font-size\">BELGICK\u00c9 <strong>PIVO<\/strong>: Ur\u010dit\u011b se najde n\u011bkolik jedinc\u016f, kte\u0159\u00ed s t\u00edmto tvrzen\u00edm nebudou souhlasit, ale obecn\u011b plat\u00ed, \u017ee belgick\u00e1 piva jsou nejlep\u0161\u00ed na sv\u011bt\u011b. Belgie je epicentrum piva ji\u017e od st\u0159edov\u011bku. Pro Belgi\u010dana znamen\u00e1 pivo to sam\u00e9, co pro Francouze v\u00edno. V Belgii se vyr\u00e1b\u00ed obrovsk\u00e9 mno\u017estv\u00ed piv a r\u016fzn\u00fdch pivn\u00edch speci\u00e1l\u016f.<\/p>\n\n\n\n<p class=\"has-text-align-center\"><strong><span style=\"color:#2b1de9\" class=\"has-inline-color\">JEDNOTLIV\u00c1 FOTOSTORY<\/span><\/strong> <\/p>\n\n\n\n<p><a href=\"https:\/\/klubzviktorky.cebin.eu\/index.php\/br-ko-4\/\" data-type=\"URL\" data-id=\"https:\/\/klubzviktorky.cebin.eu\/index.php\/br-ko-4\/\" target=\"_blank\" rel=\"noreferrer noopener\">BRKO.\u010cE\u0160KA<\/a><\/p>\n\n\n\n<figure class=\"wp-block-image size-large\"><img loading=\"lazy\" decoding=\"async\" width=\"1024\" height=\"735\" src=\"https:\/\/klubzviktorky.cebin.eu\/wp-content\/uploads\/2022\/03\/2022.03_14-Br.Ko-sedackova_3-1024x735.jpg\" alt=\"\" class=\"wp-image-13876\" srcset=\"https:\/\/klubzviktorky.cebin.eu\/wp-content\/uploads\/2022\/03\/2022.03_14-Br.Ko-sedackova_3-1024x735.jpg 1024w, https:\/\/klubzviktorky.cebin.eu\/wp-content\/uploads\/2022\/03\/2022.03_14-Br.Ko-sedackova_3-300x215.jpg 300w, https:\/\/klubzviktorky.cebin.eu\/wp-content\/uploads\/2022\/03\/2022.03_14-Br.Ko-sedackova_3-768x551.jpg 768w, https:\/\/klubzviktorky.cebin.eu\/wp-content\/uploads\/2022\/03\/2022.03_14-Br.Ko-sedackova_3-1536x1102.jpg 1536w, https:\/\/klubzviktorky.cebin.eu\/wp-content\/uploads\/2022\/03\/2022.03_14-Br.Ko-sedackova_3-2048x1470.jpg 2048w\" sizes=\"auto, (max-width: 1024px) 100vw, 1024px\" \/><\/figure>\n\n\n\n<p><\/p>\n\n\n\n<p><a href=\"https:\/\/klubzviktorky.cebin.eu\/index.php\/br-ko-2\/\">BRKO.BUS<\/a><\/p>\n\n\n\n<figure class=\"wp-block-image size-large is-resized\"><img loading=\"lazy\" decoding=\"async\" src=\"https:\/\/klubzviktorky.cebin.eu\/wp-content\/uploads\/2021\/11\/20211030_214013-1-1024x768.jpg\" alt=\"\" class=\"wp-image-13671\" width=\"690\" height=\"517\" srcset=\"https:\/\/klubzviktorky.cebin.eu\/wp-content\/uploads\/2021\/11\/20211030_214013-1-1024x768.jpg 1024w, https:\/\/klubzviktorky.cebin.eu\/wp-content\/uploads\/2021\/11\/20211030_214013-1-300x225.jpg 300w, https:\/\/klubzviktorky.cebin.eu\/wp-content\/uploads\/2021\/11\/20211030_214013-1-768x576.jpg 768w, https:\/\/klubzviktorky.cebin.eu\/wp-content\/uploads\/2021\/11\/20211030_214013-1-1536x1152.jpg 1536w, https:\/\/klubzviktorky.cebin.eu\/wp-content\/uploads\/2021\/11\/20211030_214013-1-2048x1536.jpg 2048w\" sizes=\"auto, (max-width: 690px) 100vw, 690px\" \/><\/figure>\n\n\n\n<p><\/p>\n\n\n\n<p><a href=\"https:\/\/klubzviktorky.cebin.eu\/index.php\/br-ko-1\/\">BRKO.V\u00cdT &amp; BRKO.HAN<\/a><\/p>\n\n\n\n<figure class=\"wp-block-image size-large\"><img loading=\"lazy\" decoding=\"async\" width=\"913\" height=\"684\" src=\"https:\/\/klubzviktorky.cebin.eu\/wp-content\/uploads\/2021\/09\/20210919_122108-2.jpg\" alt=\"\" class=\"wp-image-13429\" srcset=\"https:\/\/klubzviktorky.cebin.eu\/wp-content\/uploads\/2021\/09\/20210919_122108-2.jpg 913w, https:\/\/klubzviktorky.cebin.eu\/wp-content\/uploads\/2021\/09\/20210919_122108-2-300x225.jpg 300w, https:\/\/klubzviktorky.cebin.eu\/wp-content\/uploads\/2021\/09\/20210919_122108-2-768x575.jpg 768w\" sizes=\"auto, (max-width: 913px) 100vw, 913px\" \/><\/figure>\n\n\n\n<p><\/p>\n\n\n\n<p><\/p>\n\n\n\n<p><\/p>\n","protected":false},"excerpt":{"rendered":"<p>z\u00e1\u017eitkov\u00e1 agentura BRusel s KOhoutky G a s t r o b r k o \u2013 na co se m\u016f\u017eete t\u011b\u0161it: \u201eBelgie je gastronomick\u00fd obr, na jeho\u017e vrcholu jsou mu\u0161le a HRANOLKY.\u201c \u201eBelgick\u00e9 vafle jist\u011b pat\u0159\u00ed mezi to nejskv\u011blej\u0161\u00ed, za co m\u016f\u017eeme b\u00fdt Belgi\u010dan\u016fm vd\u011b\u010dn\u00ed. St\u00e1nky naleznete v Belgii na ka\u017ed\u00e9m rohu, pokud na n\u011bm &hellip; <a href=\"https:\/\/klubzviktorky.cebin.eu\/index.php\/br-ko\/\" class=\"more-link\">Pokra\u010dov\u00e1n\u00ed textu <span class=\"screen-reader-text\">BR.KO<\/span><\/a><\/p>\n","protected":false},"author":1,"featured_media":0,"parent":0,"menu_order":0,"comment_status":"closed","ping_status":"closed","template":"","meta":{"footnotes":""},"class_list":["post-13426","page","type-page","status-publish","hentry"],"_links":{"self":[{"href":"https:\/\/klubzviktorky.cebin.eu\/index.php\/wp-json\/wp\/v2\/pages\/13426","targetHints":{"allow":["GET"]}}],"collection":[{"href":"https:\/\/klubzviktorky.cebin.eu\/index.php\/wp-json\/wp\/v2\/pages"}],"about":[{"href":"https:\/\/klubzviktorky.cebin.eu\/index.php\/wp-json\/wp\/v2\/types\/page"}],"author":[{"embeddable":true,"href":"https:\/\/klubzviktorky.cebin.eu\/index.php\/wp-json\/wp\/v2\/users\/1"}],"replies":[{"embeddable":true,"href":"https:\/\/klubzviktorky.cebin.eu\/index.php\/wp-json\/wp\/v2\/comments?post=13426"}],"version-history":[{"count":11,"href":"https:\/\/klubzviktorky.cebin.eu\/index.php\/wp-json\/wp\/v2\/pages\/13426\/revisions"}],"predecessor-version":[{"id":14004,"href":"https:\/\/klubzviktorky.cebin.eu\/index.php\/wp-json\/wp\/v2\/pages\/13426\/revisions\/14004"}],"wp:attachment":[{"href":"https:\/\/klubzviktorky.cebin.eu\/index.php\/wp-json\/wp\/v2\/media?parent=13426"}],"curies":[{"name":"wp","href":"https:\/\/api.w.org\/{rel}","templated":true}]}}