{"id":465,"date":"2016-07-25T21:32:16","date_gmt":"2016-07-25T20:32:16","guid":{"rendered":"http:\/\/klubzviktorky.cebin.info\/?page_id=465"},"modified":"2022-11-30T09:47:21","modified_gmt":"2022-11-30T08:47:21","slug":"celakovice","status":"publish","type":"page","link":"https:\/\/klubzviktorky.cebin.eu\/index.php\/celakovice\/","title":{"rendered":"\u010cel\u00e1kovice"},"content":{"rendered":"<p><strong>2021\u00a0<\/strong> <a href=\"https:\/\/klubzviktorky.cebin.eu\/index.php\/predvanocni-setkani\/\" target=\"_blank\" rel=\"noopener\">P\u0159edv\u00e1no\u010dn\u00ed setk\u00e1n\u00ed<\/a><\/p>\n<p><span style=\"color: #003300;\"><strong>2019\u00a0 <\/strong><\/span><a href=\"https:\/\/klubzviktorky.cebin.eu\/index.php\/svatojanska-divadelni-pout\/\" target=\"_blank\" rel=\"noopener noreferrer\">Svatoj\u00e1nsk\u00e1 divadeln\u00ed pou\u0165<\/a>\u00a0\u00a0\u2297 \u00a0<a href=\"https:\/\/klubzviktorky.cebin.eu\/index.php\/english-camp-2019\/\" target=\"_blank\" rel=\"noopener noreferrer\">CB English Camp<\/a> \u2297 \u00a0<a href=\"https:\/\/klubzviktorky.cebin.eu\/index.php\/never-the-same-view\/\" target=\"_blank\" rel=\"noopener noreferrer\">Mou krajinnou prom\u011bnnou<\/a> \u2297 <a href=\"https:\/\/klubzviktorky.cebin.eu\/index.php\/krest-13-10-2019\/\" target=\"_blank\" rel=\"noopener noreferrer\">K\u0159est 13.10.<\/a><\/p>\n<p><span style=\"color: #003300;\"><strong>2018 <\/strong>\u00a0<\/span><a href=\"https:\/\/klubzviktorky.cebin.eu\/index.php\/cb-run\/\">CB Run<\/a>\u00a0 \u2297\u00a0\u00a0<a href=\"https:\/\/klubzviktorky.cebin.eu\/index.php\/advent\/\" target=\"_blank\" rel=\"noopener noreferrer\">Adventn\u00ed jarmark<\/a><\/p>\n<p><a href=\"http:\/\/klubzviktorky.cebin.info\/index.php\/232-revision-v1-29\/\">Mikul\u00e1\u0161sk\u00e1<\/a> \u2297\u2297\u2297\u00a0<a href=\"http:\/\/klubzviktorky.cebin.info\/index.php\/sauna\/\">Sauna<\/a><\/p>\n<p><a href=\"http:\/\/klubzviktorky.cebin.info\/index.php\/vanocni-koncert-2016\/\">V\u00e1no\u010dn\u00ed koncert<\/a>\u00a0&#8222;<em>t\u011b\u0161\u00edme se na tradi\u010dn\u00ed p\u0159edv\u00e1no\u010dn\u00ed kulturn\u00ed z\u00e1\u017eitek, je hezk\u00e9, \u017ee se z toho stala takov\u00e1 p\u011bkn\u00e1 tradice v\u010detn\u011b pokra\u010dov\u00e1n\u00ed v pizzerii &#8230;<\/em>&#8220;<\/p>\n<p><a href=\"https:\/\/klubzviktorky.cebin.eu\/index.php\/cirkev-bratrska-celakovice\/\" target=\"_blank\" rel=\"noopener noreferrer\">C\u00edrkev bratrsk\u00e1<\/a><\/p>\n<p><a href=\"https:\/\/klubzviktorky.cebin.eu\/index.php\/brumaba\/?preview_id=12733&amp;preview_nonce=80cdc8168e&amp;preview=true&amp;_thumbnail_id=12749\" target=\"_blank\" rel=\"noopener\">Bulletin<\/a><\/p>\n<hr \/>\n<h2 style=\"text-align: center;\"><span style=\"color: #800000;\"><strong>N A R O Z E N I N Y<\/strong><\/span><\/h2>\n<p>2022 <a href=\"https:\/\/klubzviktorky.cebin.eu\/index.php\/narozeniny-2022-m1-vladimir-soulek\/\">Soulek<\/a><\/p>\n<p>2021 <a href=\"https:\/\/klubzviktorky.cebin.eu\/index.php\/narozeniny-2021-m9-vladimir-soulek\/\" target=\"_blank\" rel=\"noopener\">Soulek<\/a> <a href=\"https:\/\/klubzviktorky.cebin.eu\/index.php\/narozeniny-2021-m2-daniel-hire\/\" target=\"_blank\" rel=\"noopener\">H\u00ed\u0159e<\/a> <a href=\"https:\/\/klubzviktorky.cebin.eu\/index.php\/narozeniny-2021-m3-ondrej-havle\/\" target=\"_blank\" rel=\"noopener\">Havle<\/a> Vodenka <a href=\"https:\/\/klubzviktorky.cebin.eu\/index.php\/narozeniny-2021-m5-jan-kohoutek\/\">Kohoutek<\/a> <a href=\"https:\/\/klubzviktorky.cebin.eu\/index.php\/narozeniny-2021-m6-daniel-busta\/\" target=\"_blank\" rel=\"noopener\">Busta<\/a> <a href=\"https:\/\/klubzviktorky.cebin.eu\/index.php\/narozeniny-2021-m8-petr-radonsky\/\" target=\"_blank\" rel=\"noopener\">Radonsk\u00fd<\/a> Mat\u016f\u0161<\/p>\n<p>2020 <a href=\"https:\/\/klubzviktorky.cebin.eu\/index.php\/narozeniny-2020-m2-daniel-hire\/\" target=\"_blank\" rel=\"noopener noreferrer\">H\u00ed\u0159e<\/a>\u00a0<a href=\"https:\/\/klubzviktorky.cebin.eu\/index.php\/narozeniny-2020-m5-jan-kohoutek\/\" target=\"_blank\" rel=\"noopener noreferrer\">Kohoutek<\/a> <a href=\"https:\/\/klubzviktorky.cebin.eu\/index.php\/narozeniny-2020-m8-petr-radonsky\/\" target=\"_blank\" rel=\"noopener\">Radonsk\u00fd<\/a> <a href=\"https:\/\/klubzviktorky.cebin.eu\/index.php\/narozeniny-2020-m9-milos-matus\/\" target=\"_blank\" rel=\"noopener\">Mat\u016f\u0161<\/a><\/p>\n<p>2019 <a href=\"https:\/\/klubzviktorky.cebin.eu\/index.php\/narozeniny-2019-m3-ondrej-havle\/\" target=\"_blank\" rel=\"noopener noreferrer\">Havle<\/a> <a href=\"https:\/\/klubzviktorky.cebin.eu\/index.php\/narozeniny-2019-m4-ladislav-vodenka\/\" target=\"_blank\" rel=\"noopener noreferrer\">Vodenka<\/a>\u00a0<a href=\"https:\/\/klubzviktorky.cebin.eu\/index.php\/narozeniny-2019-m5-jan-kohoutek\/\" target=\"_blank\" rel=\"noopener noreferrer\">Kohoutek<\/a> <a href=\"https:\/\/klubzviktorky.cebin.eu\/index.php\/narozeniny-2019-m6-daniel-busta\/\" target=\"_blank\" rel=\"noopener noreferrer\">Busta<\/a>\u00a0<a href=\"https:\/\/klubzviktorky.cebin.eu\/index.php\/narozeniny-2019-m8-petr-radonsky\/\" target=\"_blank\" rel=\"noopener noreferrer\">Radonsk\u00fd<\/a><\/p>\n<p>2018 <a href=\"https:\/\/klubzviktorky.cebin.eu\/index.php\/narozeniny-2018-m1-vladimir-soulek\/\">Soulek<\/a>\u00a0<a href=\"https:\/\/klubzviktorky.cebin.eu\/index.php\/narozeniny-2018-m2-daniel-hire\/\">H\u00ed\u0159e<\/a>\u00a0<a href=\"https:\/\/klubzviktorky.cebin.eu\/index.php\/narozeniny-2018-m3-ondrej-havle\/\">Havle<\/a>\u00a0<a href=\"https:\/\/klubzviktorky.cebin.eu\/index.php\/narozeniny-2018-m4-ladislav-vodenka\/\" target=\"_blank\" rel=\"noopener noreferrer\">Vodenka<\/a>\u00a0<a href=\"https:\/\/klubzviktorky.cebin.eu\/index.php\/narozeniny-2018-m5-jan-kohoutek\/\">Kohoutek<\/a>\u00a0<a href=\"https:\/\/klubzviktorky.cebin.eu\/index.php\/narozeniny-2018-m6-daniel-busta\/\" target=\"_blank\" rel=\"noopener noreferrer\">Busta<\/a>\u00a0<a href=\"https:\/\/klubzviktorky.cebin.eu\/index.php\/narozeniny-2018-m7-petr-radonsky\/\" target=\"_blank\" rel=\"noopener noreferrer\">Radonsk\u00fd<\/a><\/p>\n<p>2017 <a href=\"https:\/\/klubzviktorky.cebin.eu\/index.php\/narozeniny-2017-vlada-soulek\/\">Soulek<\/a>\u00a0<a href=\"https:\/\/klubzviktorky.cebin.eu\/index.php\/narozeniny2017-daniel-hire\/\">H\u00ed\u0159e<\/a>\u00a0<a href=\"https:\/\/klubzviktorky.cebin.eu\/index.php\/narozeniny-2017-m3-ondrej-havle\/\">Havle<\/a>\u00a0<a href=\"https:\/\/klubzviktorky.cebin.eu\/index.php\/narozeniny-2017-m4-ladislav-vodenka\/\" target=\"_blank\" rel=\"noopener noreferrer\">Vodenka<\/a>\u00a0<a href=\"https:\/\/klubzviktorky.cebin.eu\/index.php\/narozeniny-2017-m5-jan-kohoutek\/\">Kohoutek<\/a>\u00a0<a href=\"https:\/\/klubzviktorky.cebin.eu\/index.php\/narozeniny-2017-m6-daniel-busta\/\">Busta<\/a>\u00a0<a href=\"https:\/\/klubzviktorky.cebin.eu\/index.php\/narozeniny-2017-m7-petr-radonsky\/\" target=\"_blank\" rel=\"noopener noreferrer\">Radonsk\u00fd<\/a>\u00a0Mat\u016f\u0161<\/p>\n<p>2016 <a href=\"https:\/\/klubzviktorky.cebin.eu\/index.php\/narozeniny-2016-m1-vladimir-soulek\/\">Soulek<\/a>\u00a0<a href=\"https:\/\/klubzviktorky.cebin.eu\/index.php\/narozeniny-2016-m2-daniel-hire\/\">H\u00ed\u0159e<\/a>\u00a0<a href=\"https:\/\/klubzviktorky.cebin.eu\/index.php\/narozeniny-2016-m3-havle\/\">Havle<\/a>\u00a0<a href=\"https:\/\/klubzviktorky.cebin.eu\/index.php\/narozeniny-2016-m4-ladislav-vodenka\/\" target=\"_blank\" rel=\"noopener noreferrer\">Vodenka<\/a>\u00a0<a href=\"https:\/\/klubzviktorky.cebin.eu\/index.php\/narozeniny-2016-m5-jan-kohoutek\/\">Kohoutek<\/a>\u00a0<a href=\"https:\/\/klubzviktorky.cebin.eu\/index.php\/narozeniny-2016-m6-daniel-busta\/\">Busta<\/a>\u00a0<a href=\"https:\/\/klubzviktorky.cebin.eu\/index.php\/narozeniny-2016\/\" target=\"_blank\" rel=\"noopener noreferrer\">Radonsk\u00fd<\/a>\u00a0<a href=\"https:\/\/klubzviktorky.cebin.eu\/index.php\/narozeniny-2016-m8-milos-matus\/\" target=\"_blank\" rel=\"noopener noreferrer\">Mat\u016f\u0161<\/a><\/p>\n<p>2015 <a href=\"https:\/\/klubzviktorky.cebin.eu\/index.php\/narozeniny-2015-m1-vladimir-soulek\/\">Soulek<\/a>\u00a0<a href=\"https:\/\/klubzviktorky.cebin.eu\/index.php\/narozeniny-2015-m2-daniel-hire\/\">H\u00ed\u0159e<\/a>\u00a0<a href=\"https:\/\/klubzviktorky.cebin.eu\/index.php\/narozeniny-2015-m3-ondrej-havle\/\">Havle<\/a>\u00a0<a href=\"https:\/\/klubzviktorky.cebin.eu\/index.php\/narozeniny-2015-m4-ladislav-vodenka\/\" target=\"_blank\" rel=\"noopener noreferrer\">Vodenka<\/a>\u00a0<a href=\"https:\/\/klubzviktorky.cebin.eu\/index.php\/narozeniny-2015-m5-jan-kohoutek\/\">Kohoutek<\/a>\u00a0<a href=\"https:\/\/klubzviktorky.cebin.eu\/index.php\/narozeniny-2015-m6-daniel-busta\/\">Busta<\/a>\u00a0<a href=\"https:\/\/klubzviktorky.cebin.eu\/index.php\/narozeniny-2015-m7-petr-radonsky\/\" target=\"_blank\" rel=\"noopener noreferrer\">Radonsk\u00fd<\/a>\u00a0<a href=\"https:\/\/klubzviktorky.cebin.eu\/index.php\/narozeniny-2015-m8-milos-matus\/\" target=\"_blank\" rel=\"noopener noreferrer\">Mat\u016f\u0161<\/a><\/p>\n<p>2014 <a href=\"https:\/\/klubzviktorky.cebin.eu\/index.php\/narozeniny-2015-m1-daniel-hire\/\">H\u00ed\u0159e<\/a>\u00a0<a href=\"https:\/\/klubzviktorky.cebin.eu\/index.php\/narozeniny-2015-m1-jan-kohoutek\/\">Kohoutek<\/a>\u00a0<a href=\"https:\/\/klubzviktorky.cebin.eu\/index.php\/narozeniny-2014-m3-daniel-busta\/\">Busta<\/a>\u00a0<a href=\"https:\/\/klubzviktorky.cebin.eu\/index.php\/narozeniny-2014-m4-petr-radonsky\/\" target=\"_blank\" rel=\"noopener noreferrer\">Radonsk\u00fd<\/a>\u00a0<a href=\"https:\/\/klubzviktorky.cebin.eu\/index.php\/narozeniny-2014-m5-milos-matus\/\" target=\"_blank\" rel=\"noopener noreferrer\">Mat\u016f\u0161<\/a><\/p>\n<blockquote class=\"wp-embedded-content\" data-secret=\"R8oqpFXY65\"><p><a href=\"https:\/\/klubzviktorky.cebin.eu\/index.php\/narozeniny-2022-m1-vladimir-soulek\/\">Narozeniny 2022 M1 \u2013 Vladim\u00edr Soulek<\/a><\/p><\/blockquote>\n<p><iframe loading=\"lazy\" class=\"wp-embedded-content\" sandbox=\"allow-scripts\" security=\"restricted\" style=\"position: absolute; clip: rect(1px, 1px, 1px, 1px);\" title=\"&#8222;Narozeniny 2022 M1 \u2013 Vladim\u00edr Soulek&#8220; &#8212; Klub  z Viktorky\" src=\"https:\/\/klubzviktorky.cebin.eu\/index.php\/narozeniny-2022-m1-vladimir-soulek\/embed\/#?secret=RqAQWQrHdF#?secret=R8oqpFXY65\" data-secret=\"R8oqpFXY65\" width=\"600\" height=\"338\" frameborder=\"0\" marginwidth=\"0\" marginheight=\"0\" scrolling=\"no\"><\/iframe><\/p>\n<blockquote class=\"wp-embedded-content\" data-secret=\"PQc4ChaV9D\"><p><a href=\"https:\/\/klubzviktorky.cebin.eu\/index.php\/narozeniny-2021-m7-petr-radonsky\/\">Narozeniny 2021 M7 \u2013 Petr Radonsk\u00fd<\/a><\/p><\/blockquote>\n<p><iframe loading=\"lazy\" class=\"wp-embedded-content\" sandbox=\"allow-scripts\" security=\"restricted\" style=\"position: absolute; clip: rect(1px, 1px, 1px, 1px);\" title=\"&#8222;Narozeniny 2021 M7 \u2013 Petr Radonsk\u00fd&#8220; &#8212; Klub  z Viktorky\" src=\"https:\/\/klubzviktorky.cebin.eu\/index.php\/narozeniny-2021-m7-petr-radonsky\/embed\/#?secret=KpmrILqepT#?secret=PQc4ChaV9D\" data-secret=\"PQc4ChaV9D\" width=\"600\" height=\"338\" frameborder=\"0\" marginwidth=\"0\" marginheight=\"0\" scrolling=\"no\"><\/iframe><\/p>\n<blockquote class=\"wp-embedded-content\" data-secret=\"hSYyvKq3o3\"><p><a href=\"https:\/\/klubzviktorky.cebin.eu\/index.php\/narozeniny-2021-m6-daniel-busta\/\">Narozeniny 2021 M6 \u2013 Daniel Busta<\/a><\/p><\/blockquote>\n<p><iframe loading=\"lazy\" class=\"wp-embedded-content\" sandbox=\"allow-scripts\" security=\"restricted\" style=\"position: absolute; clip: rect(1px, 1px, 1px, 1px);\" title=\"&#8222;Narozeniny 2021 M6 \u2013 Daniel Busta&#8220; &#8212; Klub  z Viktorky\" src=\"https:\/\/klubzviktorky.cebin.eu\/index.php\/narozeniny-2021-m6-daniel-busta\/embed\/#?secret=sAFa3uwHNZ#?secret=hSYyvKq3o3\" data-secret=\"hSYyvKq3o3\" width=\"600\" height=\"338\" frameborder=\"0\" marginwidth=\"0\" marginheight=\"0\" scrolling=\"no\"><\/iframe><\/p>\n<blockquote class=\"wp-embedded-content\" data-secret=\"dOc79v6uP5\"><p><a href=\"https:\/\/klubzviktorky.cebin.eu\/index.php\/narozeniny-2021-m5-jan-kohoutek\/\">Narozeniny 2021 M5 \u2013 Jan Kohoutek<\/a><\/p><\/blockquote>\n<p><iframe loading=\"lazy\" class=\"wp-embedded-content\" sandbox=\"allow-scripts\" security=\"restricted\" style=\"position: absolute; clip: rect(1px, 1px, 1px, 1px);\" title=\"&#8222;Narozeniny 2021 M5 \u2013 Jan Kohoutek&#8220; &#8212; Klub  z Viktorky\" src=\"https:\/\/klubzviktorky.cebin.eu\/index.php\/narozeniny-2021-m5-jan-kohoutek\/embed\/#?secret=mMjFB3NlJ4#?secret=dOc79v6uP5\" data-secret=\"dOc79v6uP5\" width=\"600\" height=\"338\" frameborder=\"0\" marginwidth=\"0\" marginheight=\"0\" scrolling=\"no\"><\/iframe><\/p>\n<blockquote class=\"wp-embedded-content\" data-secret=\"wRR49za5uN\"><p><a href=\"https:\/\/klubzviktorky.cebin.eu\/index.php\/narozeniny-2021-m3-ondrej-havle\/\">Narozeniny 2021 M3 \u2013 Ond\u0159ej Havle<\/a><\/p><\/blockquote>\n<p><iframe loading=\"lazy\" class=\"wp-embedded-content\" sandbox=\"allow-scripts\" security=\"restricted\" style=\"position: absolute; clip: rect(1px, 1px, 1px, 1px);\" title=\"&#8222;Narozeniny 2021 M3 \u2013 Ond\u0159ej Havle&#8220; &#8212; Klub  z Viktorky\" src=\"https:\/\/klubzviktorky.cebin.eu\/index.php\/narozeniny-2021-m3-ondrej-havle\/embed\/#?secret=DurRvbw26o#?secret=wRR49za5uN\" data-secret=\"wRR49za5uN\" width=\"600\" height=\"338\" frameborder=\"0\" marginwidth=\"0\" marginheight=\"0\" scrolling=\"no\"><\/iframe><\/p>\n<blockquote class=\"wp-embedded-content\" data-secret=\"30iFj6hOlB\"><p><a href=\"https:\/\/klubzviktorky.cebin.eu\/index.php\/narozeniny-2021-m2-daniel-hire\/\">Narozeniny 2021 M2 &#8211; Daniel H\u00ed\u0159e<\/a><\/p><\/blockquote>\n<p><iframe loading=\"lazy\" class=\"wp-embedded-content\" sandbox=\"allow-scripts\" security=\"restricted\" style=\"position: absolute; clip: rect(1px, 1px, 1px, 1px);\" title=\"&#8222;Narozeniny 2021 M2 &#8211; Daniel H\u00ed\u0159e&#8220; &#8212; Klub  z Viktorky\" src=\"https:\/\/klubzviktorky.cebin.eu\/index.php\/narozeniny-2021-m2-daniel-hire\/embed\/#?secret=Vinnz3pbsr#?secret=30iFj6hOlB\" data-secret=\"30iFj6hOlB\" width=\"600\" height=\"338\" frameborder=\"0\" marginwidth=\"0\" marginheight=\"0\" scrolling=\"no\"><\/iframe><\/p>\n<blockquote class=\"wp-embedded-content\" data-secret=\"zHK5tf4B7L\"><p><a href=\"https:\/\/klubzviktorky.cebin.eu\/index.php\/narozeniny-2020-m9-milos-matus\/\">Narozeniny 2020 M9 \u2013 Milo\u0161 Mat\u016f\u0161<\/a><\/p><\/blockquote>\n<p><iframe loading=\"lazy\" class=\"wp-embedded-content\" sandbox=\"allow-scripts\" security=\"restricted\" style=\"position: absolute; clip: rect(1px, 1px, 1px, 1px);\" title=\"&#8222;Narozeniny 2020 M9 \u2013 Milo\u0161 Mat\u016f\u0161&#8220; &#8212; Klub  z Viktorky\" src=\"https:\/\/klubzviktorky.cebin.eu\/index.php\/narozeniny-2020-m9-milos-matus\/embed\/#?secret=HdgA33BXno#?secret=zHK5tf4B7L\" data-secret=\"zHK5tf4B7L\" width=\"600\" height=\"338\" frameborder=\"0\" marginwidth=\"0\" marginheight=\"0\" scrolling=\"no\"><\/iframe><\/p>\n<blockquote class=\"wp-embedded-content\" data-secret=\"lktEHXQVeg\"><p><a href=\"https:\/\/klubzviktorky.cebin.eu\/index.php\/narozeniny-2019-m4-ladislav-vodenka\/\">Narozeniny 2019 M4 &#8211; Ladislav Vodenka<\/a><\/p><\/blockquote>\n<p><iframe loading=\"lazy\" class=\"wp-embedded-content\" sandbox=\"allow-scripts\" security=\"restricted\" style=\"position: absolute; clip: rect(1px, 1px, 1px, 1px);\" title=\"&#8222;Narozeniny 2019 M4 &#8211; Ladislav Vodenka&#8220; &#8212; Klub  z Viktorky\" src=\"https:\/\/klubzviktorky.cebin.eu\/index.php\/narozeniny-2019-m4-ladislav-vodenka\/embed\/#?secret=FGIf3Ad3PK#?secret=lktEHXQVeg\" data-secret=\"lktEHXQVeg\" width=\"600\" height=\"338\" frameborder=\"0\" marginwidth=\"0\" marginheight=\"0\" scrolling=\"no\"><\/iframe><\/p>\n<p><a href=\"https:\/\/klubzviktorky.cebin.eu\/index.php\/celakovicky-stolni-mag\/\">STOLN\u00cd M\u00c1G<\/a><\/p>\n<blockquote class=\"wp-embedded-content\" data-secret=\"kVmJzBBA6D\"><p><a href=\"https:\/\/klubzviktorky.cebin.eu\/index.php\/celakovicky-stolni-mag-2018\/\">\u010cel\u00e1kovick\u00fd Stoln\u00ed M\u00e1g 2018<\/a><\/p><\/blockquote>\n<p><iframe loading=\"lazy\" class=\"wp-embedded-content\" sandbox=\"allow-scripts\" security=\"restricted\" style=\"position: absolute; clip: rect(1px, 1px, 1px, 1px);\" title=\"&#8222;\u010cel\u00e1kovick\u00fd Stoln\u00ed M\u00e1g 2018&#8220; &#8212; Klub  z Viktorky\" src=\"https:\/\/klubzviktorky.cebin.eu\/index.php\/celakovicky-stolni-mag-2018\/embed\/#?secret=xAKqQmB7nZ#?secret=kVmJzBBA6D\" data-secret=\"kVmJzBBA6D\" width=\"600\" height=\"338\" frameborder=\"0\" marginwidth=\"0\" marginheight=\"0\" scrolling=\"no\"><\/iframe><\/p>\n","protected":false},"excerpt":{"rendered":"<p>2021\u00a0 P\u0159edv\u00e1no\u010dn\u00ed setk\u00e1n\u00ed 2019\u00a0 Svatoj\u00e1nsk\u00e1 divadeln\u00ed pou\u0165\u00a0\u00a0\u2297 \u00a0CB English Camp \u2297 \u00a0Mou krajinnou prom\u011bnnou \u2297 K\u0159est 13.10. 2018 \u00a0CB Run\u00a0 \u2297\u00a0\u00a0Adventn\u00ed jarmark Mikul\u00e1\u0161sk\u00e1 \u2297\u2297\u2297\u00a0Sauna V\u00e1no\u010dn\u00ed koncert\u00a0&#8222;t\u011b\u0161\u00edme se na tradi\u010dn\u00ed p\u0159edv\u00e1no\u010dn\u00ed kulturn\u00ed z\u00e1\u017eitek, je hezk\u00e9, \u017ee se z toho stala takov\u00e1 p\u011bkn\u00e1 tradice v\u010detn\u011b pokra\u010dov\u00e1n\u00ed v pizzerii &#8230;&#8220; C\u00edrkev bratrsk\u00e1 Bulletin N A R O Z &hellip; <a href=\"https:\/\/klubzviktorky.cebin.eu\/index.php\/celakovice\/\" class=\"more-link\">Pokra\u010dov\u00e1n\u00ed textu <span class=\"screen-reader-text\">\u010cel\u00e1kovice<\/span><\/a><\/p>\n","protected":false},"author":1,"featured_media":4896,"parent":0,"menu_order":0,"comment_status":"closed","ping_status":"closed","template":"","meta":{"footnotes":""},"class_list":["post-465","page","type-page","status-publish","has-post-thumbnail","hentry"],"_links":{"self":[{"href":"https:\/\/klubzviktorky.cebin.eu\/index.php\/wp-json\/wp\/v2\/pages\/465","targetHints":{"allow":["GET"]}}],"collection":[{"href":"https:\/\/klubzviktorky.cebin.eu\/index.php\/wp-json\/wp\/v2\/pages"}],"about":[{"href":"https:\/\/klubzviktorky.cebin.eu\/index.php\/wp-json\/wp\/v2\/types\/page"}],"author":[{"embeddable":true,"href":"https:\/\/klubzviktorky.cebin.eu\/index.php\/wp-json\/wp\/v2\/users\/1"}],"replies":[{"embeddable":true,"href":"https:\/\/klubzviktorky.cebin.eu\/index.php\/wp-json\/wp\/v2\/comments?post=465"}],"version-history":[{"count":120,"href":"https:\/\/klubzviktorky.cebin.eu\/index.php\/wp-json\/wp\/v2\/pages\/465\/revisions"}],"predecessor-version":[{"id":14231,"href":"https:\/\/klubzviktorky.cebin.eu\/index.php\/wp-json\/wp\/v2\/pages\/465\/revisions\/14231"}],"wp:featuredmedia":[{"embeddable":true,"href":"https:\/\/klubzviktorky.cebin.eu\/index.php\/wp-json\/wp\/v2\/media\/4896"}],"wp:attachment":[{"href":"https:\/\/klubzviktorky.cebin.eu\/index.php\/wp-json\/wp\/v2\/media?parent=465"}],"curies":[{"name":"wp","href":"https:\/\/api.w.org\/{rel}","templated":true}]}}